{"id":10676,"date":"2025-10-29T16:34:29","date_gmt":"2025-10-29T16:34:29","guid":{"rendered":"https:\/\/icapval.com\/sas\/?page_id=10676"},"modified":"2025-10-29T16:34:30","modified_gmt":"2025-10-29T16:34:30","slug":"herramientas-pedagogicas-para-atencion-a-estudiantes-con-necesidades-educativas-especificas-asociadas-a-la-discapacidad","status":"publish","type":"page","link":"https:\/\/icapval.com\/sas\/herramientas-pedagogicas-para-atencion-a-estudiantes-con-necesidades-educativas-especificas-asociadas-a-la-discapacidad\/","title":{"rendered":"Herramientas Pedag\u00f3gicas Para Atenci\u00f3n A Estudiantes Con Necesidades Educativas Espec\u00edficas Asociadas A La Discapacidad"},"content":{"rendered":"","protected":false},"excerpt":{"rendered":"","protected":false},"author":1,"featured_media":0,"parent":0,"menu_order":0,"comment_status":"closed","ping_status":"closed","template":"","meta":{"footnotes":""},"class_list":["post-10676","page","type-page","status-publish","hentry"],"_links":{"self":[{"href":"https:\/\/icapval.com\/sas\/wp-json\/wp\/v2\/pages\/10676","targetHints":{"allow":["GET"]}}],"collection":[{"href":"https:\/\/icapval.com\/sas\/wp-json\/wp\/v2\/pages"}],"about":[{"href":"https:\/\/icapval.com\/sas\/wp-json\/wp\/v2\/types\/page"}],"author":[{"embeddable":true,"href":"https:\/\/icapval.com\/sas\/wp-json\/wp\/v2\/users\/1"}],"replies":[{"embeddable":true,"href":"https:\/\/icapval.com\/sas\/wp-json\/wp\/v2\/comments?post=10676"}],"version-history":[{"count":1,"href":"https:\/\/icapval.com\/sas\/wp-json\/wp\/v2\/pages\/10676\/revisions"}],"predecessor-version":[{"id":10677,"href":"https:\/\/icapval.com\/sas\/wp-json\/wp\/v2\/pages\/10676\/revisions\/10677"}],"wp:attachment":[{"href":"https:\/\/icapval.com\/sas\/wp-json\/wp\/v2\/media?parent=10676"}],"curies":[{"name":"wp","href":"https:\/\/api.w.org\/{rel}","templated":true}]}}

Herramientas Pedagógicas Para Atención A Estudiantes Con Necesidades Educativas Específicas Asociadas A La Discapacidad
